be (-2)/2*(-1 + 14). Let y = b - u. What is the remainder when y is divided by 12?
9
Let g be (-62)/(-8)*(6 + -2). Suppose -5*z = -14 - g. Calculate the remainder when z is divided by 4.
1
Let b(k) = 18*k**2 + 1. What is the remainder when 35 is divided by b(1)?
16
Let y = 13 + -14. Let v = y - -50. What is the remainder when v is divided by 13?
10
Suppose -w + 2*w - 56 = 0. Suppose 4*m = -0*m + w. Calculate the remainder when m is divided by 8.
6
Let q = -23 - -15. Suppose -3*w - l = 40, -2*w + 5*l = -6*w - 57. Let h = q - w. What is the remainder when 9 is divided by h?
4
Suppose -5*k = -7 - 13, 2*j - 2*k = 34. Suppose 0 = 3*g + 33 - 132. Calculate the remainder when j is divided by (-3)/1*g/(-9).
10
Suppose 0 = g + 4*g - 50. What is the remainder when g is divided by 5?
0
Suppose 54 = 3*d - d. Let p = 85 - d. What is the remainder when p is divided by 20?
18
Suppose 3*q + 0 - 30 = 0. Suppose -4*f + 4*s = -3 - 1, -5*f + 3*s + 13 = 0. Suppose -4*i = 16, i = 4*a + f*i - 56. What is the remainder when a is divided by q?
8
Let i(k) = 2*k + 3. Calculate the remainder when i(19) is divided by 9.
5
Suppose -60 = -8*v - 4*v. Let n(d) = d**3 + 5*d**2 - 3*d - 2. Calculate the remainder when n(-5) is divided by v.
3
Let g(q) = 8*q**2 - q - 2. What is the remainder when g(2) is divided by 10?
8
Let l be (2 - 1)*-1*-3. Suppose -61 = -l*b + 4*p - 0*p, -5*b + 97 = -2*p. Calculate the remainder when b is divided by 10.
9
Let p(a) = a**3 - 9*a**2 + 10*a - 11. Let q be p(8). Suppose -q*t + 16 = -54. Calculate the remainder when t is divided by 46/6 + (-2)/(-6).
6
Let u(g) = -9*g + 16. Calculate the remainder when u(-8) is divided by 30.
28
Suppose -9*m = -151 + 88. Suppose -7 + 43 = 3*d. What is the remainder when d is divided by m?
5
Let i(c) = 4 + 7 - 1 + 2 + c. Calculate the remainder when i(-11) is divided by 1.
0
Let f(s) = 2*s - 1. Let y be f(2). Suppose -48 = -y*n - 0*n. What is the remainder when n/(3/1 + -2) is divided by 9?
7
Suppose 134 + 362 = 8*y. What is the remainder when y is divided by 19?
5
Let d(q) = q**2 + 3*q + 8. Calculate the remainder when 213 is divided by d(4).
33
Let b(k) = -k**2 + 6*k + 9. Let j be b(8). Let d(l) = l**3 + 8*l**2 + 7*l - 10. Let h be d(j). Let y = -3 - h. What is the remainder when 13 is divided by y?
6
Suppose 6*d = -0*d + 12. Suppose -d*a = 2*a - 52. What is the remainder when 37 - (-1 - 1) - 1 is divided by a?
12
What is the remainder when ((-21)/(-6) - -4)*(1 - -5) is divided by 12?
9
Let r(g) = -5*g - 15. Let i = -28 - -39. What is the remainder when r(-7) is divided by i?
9
Suppose -220 = -5*z + 65. What is the remainder when z is divided by 29?
28
Suppose -3*a - 18 = -5*r, -3*a - 12 = -5*r - 6*a. Let l(f) = f**2 - 2*f - 1. What is the remainder when l(-2) is divided by r?
1
Let k = 5 - -4. Suppose -18 = -o - 1. Calculate the remainder when o is divided by k.
8
Let s = -284 + 497. Suppose -2*y = 3*y + 3*j - 326, 3*y - 4*j - s = 0. Suppose 2*g + 3*g - 115 = 0. Calculate the remainder when y is divided by g.
21
Let k(b) = -b**2 + 11*b - 12. What is the remainder when 40/15*102/8 is divided by k(8)?
10
Suppose -102 = -3*u - 4*l + 107, 2*u = 3*l + 162. What is the remainder when u is divided by 19?
18
Suppose 5*o = 5*w + 140, 0 = -2*w + 8 - 0. Calculate the remainder when o is divided by 17.
15
Let t = 3 + 0. Suppose 251 = t*f + 4*k, -3*f + 0*f = -4*k - 235. Suppose 0*p - 55 = -3*w - 4*p, -4*p = 5*w - f. Calculate the remainder when w is divided by 5.
3
Let s(d) = -d**2 - d + 11. Let k(w) = -2*w + 16. Let y be k(8). Suppose l + 0*l - 32 = 0. Calculate the remainder when l is divided by s(y).
10
Suppose 3*t - 3*m = 93, 0 = -5*t - m - 0*m + 179. Let o = t - 25. Let a = 33 - 5. Calculate the remainder when a is divided by o.
8
Suppose 2*t = 2, -4*t + 66 = 3*g - 19. What is the remainder when 107 is divided by g?
26
Let n be ((-64)/10)/(7/(-70)). Suppose 3*g - 2*x = 83, -2*g - 3*x = -0*g - n. Calculate the remainder when g is divided by 10.
9
Suppose 7 = -2*j + 5*w, 2*w - 14 = 5*j - 49. Let t be ((-2)/(-3))/(3/j). Suppose 1 = 2*c - h - t, -3*h = 4*c - 21. What is the remainder when 7 is divided by c?
1
Let f = -1 + 4. Let m(u) = -u**2 - 8*u + 10. Calculate the remainder when m(-8) is divided by f.
1
Let d = -82 + 110. Calculate the remainder when 109 is divided by d.
25
Let k = 117 + -68. What is the remainder when k is divided by 25?
24
Suppose 0 = -14*j + 10*j + 44. What is the remainder when j is divided by 7?
4
Suppose 6*l = l - 50. Let w = -8 - l. Calculate the remainder when 6 is divided by 3 + (2 - 0)/w.
2
Let r(p) = -p**2 + 9*p - 2. Calculate the remainder when r(8) is divided by 2.
0
Suppose -83 - 73 = -3*h. Calculate the remainder when h is divided by 14.
10
Suppose -p + 0 = 3, 4*h - p = 47. Calculate the remainder when 21 is divided by h.
10
Let w(m) = m + 1. Let i be w(1). Suppose 4*l + i*j - 13 = -j, -j = -4*l + 17. Suppose -d + l + 9 = 0. What is the remainder when 38 is divided by d?
12
Let i(p) = 8*p**2 - 2*p. Calculate the remainder when i(-3) is divided by 27.
24
Suppose 7*s - 1066 = -37. What is the remainder when s is divided by 25?
22
Let d be -5*((-24)/(-15))/(-4). Suppose 0 = -2*x - 4*c + 94, -c = -x - d*c + 43. What is the remainder when x is divided by 14?
11
Suppose -g + 6*g = 20. What is the remainder when (-5 - -3)/((-5)/25) is divided by g?
2
Suppose 0 = -3*u + 16 - 4. Suppose 2*b = -u*p + 18, -3*b + 7*b = -5*p + 24. Let y = -4 + 9. Calculate the remainder when y is divided by p.
1
Let f = 5 - 3. Let p(l) = -9 - f*l + 4*l + 0*l. What is the remainder when 13 is divided by p(7)?
3
Suppose 3*m - 8 - 1 = 0. Let z = 14 + -7. What is the remainder when (z/4)/(2/8) is divided by m?
1
Suppose 5*z = -3*y - 3, -2 = z + 1. Suppose -2*r = m - 22, -r + 2 = -3. What is the remainder when y is divided by (-18)/m*4/(-3)?
0
Let i(k) = k**2 - 12. What is the remainder when ((-20)/16)/(1/(-40)) is divided by i(5)?
11
Suppose o + 365 = 6*o. Suppose -4*t + 69 = 5*f, -3*f = -8*f - 3*t + o. Calculate the remainder when f is divided by 9.
8
Let q = -25 - -43. Let b = 236 - q. Suppose -4*y + b = y - o, -212 = -5*y - o. What is the remainder when y is divided by 15?
13
Let x be 5*(1 - 0)/1. Let b = -18 + 27. Suppose 0 = x*z - b - 41. Calculate the remainder when 18 is divided by z.
8
Let v(r) = -r**3 + r + 83. What is the remainder when v(0) is divided by 21?
20
Let b(q) = q**2 + 6*q + 1. Let h(i) = -2*i - 5. Let x = 2 - 6. Calculate the remainder when b(-7) is divided by h(x).
2
Let t(n) = -5 + 2*n**2 - 6 + 5. Calculate the remainder when t(6) is divided by 23.
20
Let l = -43 - -55. Calculate the remainder when l is divided by 7.
5
Suppose -5*u - 10 = -0*u. Calculate the remainder when (-1)/(124/(-60) - u) is divided by 9.
6
What is the remainder when (10 + -9)/((6/3)/58) is divided by 10?
9
Let u = -158 + 177. Suppose -2*q = -7*q + 5*f + 50, 0 = 5*f - 5. What is the remainder when u is divided by q?
8
Let d = -4 - -15. Let v(q) = -q**3 + 2*q**2 + q + 6. Calculate the remainder when d is divided by v(0).
5
Let a = -6 - -8. Suppose -2*l + 84 = a*l. Calculate the remainder when 41 is divided by l.
20
Let i(m) = -m**2 + 7*m - 2. What is the remainder when 18 is divided by i(4)?
8
Calculate the remainder when 21 + -5 - (-1 - -3) is divided by 4.
2
Let j be 3 - 0 - 3 - 0. What is the remainder when 13 is divided by (1 + j)/(1/5)?
3
Let i = 0 + 0. Let z(f) be the first derivative of -f**3/3 + 18*f + 2. What is the remainder when z(i) is divided by 10?
8
Let j = -43 + 25. Let q(m) = 8*m + 2. Let z be q(-4). Let d = j - z. Calculate the remainder when 34 is divided by d.
10
Suppose -4*n = -63 - 69. Calculate the remainder when n is divided by 18.
15
Calculate the remainder when (7 - -59)*5/2 is divided by 28.
25
Let n(a) = -6*a**3 - 5*a**2 - 5*a + 5. Let k(o) = -o**3 - o**2 - o + 1. Let t(f) = 11*k(f) - 2*n(f). What is the remainder when 11 is divided by t(2)?
2
Suppose 5*m - 15 = 7*d - 2*d, -d = 4*m - 2. What is the remainder when 51 is divided by 3 - -10 - (2 + d)?
12
Let g(v) = 5*v**2 - 53*v - 8. Calculate the remainder when 38 is divided by g(11).
10
Let n(i) = -i**2 - 10*i - 6. Let k(z) = -10*z - 2*z + 3*z. Calculate the remainder when n(-7) is divided by k(-1).
6
Suppose -n + 30 = 3*h, 0 = 4*n - 5*h + 15 - 50.